{"id":17,"date":"2019-06-14T19:11:14","date_gmt":"2019-06-14T17:11:14","guid":{"rendered":"https:\/\/compliancebonatti.com\/compliance\/?page_id=17"},"modified":"2024-09-25T10:22:35","modified_gmt":"2024-09-25T08:22:35","slug":"contacto","status":"publish","type":"page","link":"https:\/\/compliancebonatti.com\/compliance\/contacto\/","title":{"rendered":"Contacto"},"content":{"rendered":"\t<section class=\"section\" id=\"section_87207771\">\n\t\t<div class=\"bg section-bg fill bg-fill  bg-loaded\" >\n\n\t\t\t\n\t\t\t\n\t\t\t\n\n\t\t<\/div>\n\n\t\t\n\n\t\t<div class=\"section-content relative\">\n\t\t\t\n<div class=\"row row-collapse row-full-width\"  id=\"row-821659119\">\n\n\t<div id=\"col-160784254\" class=\"col small-12 large-12\"  >\n\t\t\t\t<div class=\"col-inner\"  >\n\t\t\t\n\t\t\t\n\n  <div class=\"banner has-hover\" id=\"banner-635998245\">\n          <div class=\"banner-inner fill\">\n        <div class=\"banner-bg fill\" >\n            <div class=\"bg fill bg-fill \"><\/div>\n                                    \n                    <\/div>\n\t\t\n        <div class=\"banner-layers container\">\n            <div class=\"fill banner-link\"><\/div>            \n   <div id=\"text-box-1703635911\" class=\"text-box banner-layer x95 md-x95 lg-x95 y25 md-y25 lg-y25 res-text\">\n                                <div class=\"text-box-content text dark\">\n              \n              <div class=\"text-inner text-left\">\n                  \n<div class=\"alt-font\">ACT<\/div>\n              <\/div>\n           <\/div>\n                            \n<style>\n#text-box-1703635911 {\n  width: 15%;\n}\n#text-box-1703635911 .text-box-content {\n  font-size: 100%;\n  transform: rotate(90deg);\n}\n@media (min-width:850px) {\n  #text-box-1703635911 {\n    width: 8%;\n  }\n}\n<\/style>\n    <\/div>\n \n\t<div class=\"img has-hover x95 md-x95 lg-x95 y10 md-y10 lg-y10\" id=\"image_1385281554\">\n\t\t\t\t\t\t\t\t<div class=\"img-inner dark\" >\n\t\t\t<img loading=\"lazy\" decoding=\"async\" width=\"512\" height=\"512\" src=\"https:\/\/compliancebonatti.com\/compliance\/wp-content\/uploads\/2024\/08\/bonatti-compliance-logo-circular.png\" class=\"attachment-large size-large\" alt=\"\" srcset=\"https:\/\/compliancebonatti.com\/compliance\/wp-content\/uploads\/2024\/08\/bonatti-compliance-logo-circular.png 512w, https:\/\/compliancebonatti.com\/compliance\/wp-content\/uploads\/2024\/08\/bonatti-compliance-logo-circular-300x300.png 300w, https:\/\/compliancebonatti.com\/compliance\/wp-content\/uploads\/2024\/08\/bonatti-compliance-logo-circular-150x150.png 150w\" sizes=\"(max-width: 512px) 100vw, 512px\" \/>\t\t\t\t\t\t\n\t\t\t\t\t<\/div>\n\t\t\t\t\t\t\t\t\n<style>\n#image_1385281554 {\n  width: 11%;\n}\n<\/style>\n\t<\/div>\n\t\n   <div id=\"text-box-1468676419\" class=\"text-box banner-layer x5 md-x5 lg-x5 y90 md-y90 lg-y90 res-text\">\n                                <div class=\"text-box-content text dark\">\n              \n              <div class=\"text-inner text-left\">\n                  \n\t<div id=\"text-3861993544\" class=\"text hide-for-small\">\n\t\t\n<div style=\"font-size: 200%;\" data-text-color=\"primary\"><strong>Contacta con nosotros <\/strong><\/div>\n<div data-text-color=\"primary\"><span style=\"font-family: Georgia, serif;\"><span style=\"font-size: 36.720001px;\"><b><i><\/i><\/b><\/span><\/span><strong style=\"font-size: 150%;\"><span class=\"alt-font\">\u00a0Fortalece tu empresa<\/span><\/strong><\/div>\n\t\t\n<style>\n#text-3861993544 {\n  font-size: 0.95rem;\n}\n<\/style>\n\t<\/div>\n\t\n              <\/div>\n           <\/div>\n                            \n<style>\n#text-box-1468676419 {\n  width: 60%;\n}\n#text-box-1468676419 .text-box-content {\n  font-size: 100%;\n}\n<\/style>\n    <\/div>\n \n        <\/div>\n      <\/div>\n\n            \n<style>\n#banner-635998245 {\n  padding-top: 320px;\n}\n#banner-635998245 .bg.bg-loaded {\n  background-image: url(https:\/\/compliancebonatti.com\/compliance\/wp-content\/uploads\/2024\/09\/Diseno-sin-titulo-17.jpg);\n}\n#banner-635998245 .bg {\n  background-position: 63% 47%;\n}\n@media (min-width:850px) {\n  #banner-635998245 {\n    padding-top: 420px;\n  }\n}\n<\/style>\n  <\/div>\n\n\n\t\t<\/div>\n\t\t\t\t\t<\/div>\n\n\t\n<\/div>\n\t\t<\/div>\n\n\t\t\n<style>\n#section_87207771 {\n  padding-top: 0px;\n  padding-bottom: 0px;\n}\n<\/style>\n\t<\/section>\n\t\n<div class=\"row\"  id=\"row-640242150\">\n\n\t<div id=\"col-2077306374\" class=\"col small-12 large-12\"  data-animate=\"flipInX\">\n\t\t\t\t<div class=\"col-inner\"  >\n\t\t\t\n\t\t\t\n<h2>Estamos aqu\u00ed para ofrecerte asesoramiento legal especializado<\/h2>\n<p>Escr\u00edbenos tus dudas o pide presupuesto de nuestros <a href=\"https:\/\/compliancebonatti.com\/compliance\/servicios-responsabilidad-y-sostenibilidad\/\">servicios en Compliance<\/a>, Auditoria Interna y Prevenci\u00f3n de Blanqueo de Capitales o de Formaci\u00f3n ISO y UNE.<\/p>\n<p>Env\u00edenos un mensaje y nuestro equipo se pondr\u00e1 en contacto con usted a la mayor brevedad. O si lo prefiere cont\u00e1ctenos directamente a trav\u00e9s de los siguientes enlaces:<\/p>\n<p>Tel.<a href=\"tel:934155421\"> 934155421<\/a><\/p>\n<p><span style=\"color: #282828;\">Email: <a href=\"mailto:srichart@compliancebonatti.com\">srichart@compliancebonatti.com<\/a><\/span><\/p>\n<h2>Solicita Presupuesto Compliance<\/h2>\n\n<div class=\"wpcf7 no-js\" id=\"wpcf7-f5-o1\" lang=\"es-ES\" dir=\"ltr\">\n<div class=\"screen-reader-response\"><p role=\"status\" aria-live=\"polite\" aria-atomic=\"true\"><\/p> <ul><\/ul><\/div>\n<form action=\"\/compliance\/wp-json\/wp\/v2\/pages\/17#wpcf7-f5-o1\" method=\"post\" class=\"wpcf7-form init\" aria-label=\"Formulario de contacto\" novalidate=\"novalidate\" data-status=\"init\">\n<div style=\"display: none;\">\n<input type=\"hidden\" name=\"_wpcf7\" value=\"5\" \/>\n<input type=\"hidden\" name=\"_wpcf7_version\" value=\"5.9.8\" \/>\n<input type=\"hidden\" name=\"_wpcf7_locale\" value=\"es_ES\" \/>\n<input type=\"hidden\" name=\"_wpcf7_unit_tag\" value=\"wpcf7-f5-o1\" \/>\n<input type=\"hidden\" name=\"_wpcf7_container_post\" value=\"0\" \/>\n<input type=\"hidden\" name=\"_wpcf7_posted_data_hash\" value=\"\" \/>\n<input type=\"hidden\" name=\"_wpcf7_recaptcha_response\" value=\"\" \/>\n<\/div>\n<div class=\"row\">\n\t<div class=\"col medium-6\" style=\"padding-bottom:5px;\">\n\t\t<p><span class=\"wpcf7-form-control-wrap\" data-name=\"nombre\"><input size=\"40\" maxlength=\"400\" class=\"wpcf7-form-control wpcf7-text wpcf7-validates-as-required\" aria-required=\"true\" aria-invalid=\"false\" placeholder=\"Nombre (requerido)\" value=\"\" type=\"text\" name=\"nombre\" \/><\/span><br \/>\n<span class=\"wpcf7-form-control-wrap\" data-name=\"apellidos\"><input size=\"40\" maxlength=\"400\" class=\"wpcf7-form-control wpcf7-text wpcf7-validates-as-required\" aria-required=\"true\" aria-invalid=\"false\" placeholder=\"Apellidos (requerido)\" value=\"\" type=\"text\" name=\"apellidos\" \/><\/span><br \/>\n<span class=\"wpcf7-form-control-wrap\" data-name=\"empresa\"><input size=\"40\" maxlength=\"400\" class=\"wpcf7-form-control wpcf7-text wpcf7-validates-as-required\" aria-required=\"true\" aria-invalid=\"false\" placeholder=\"Nombre de la empresa (requerido)\" value=\"\" type=\"text\" name=\"empresa\" \/><\/span><br \/>\n<span class=\"wpcf7-form-control-wrap\" data-name=\"sector\"><input size=\"40\" maxlength=\"400\" class=\"wpcf7-form-control wpcf7-text\" aria-invalid=\"false\" placeholder=\"Sector de la empresa\" value=\"\" type=\"text\" name=\"sector\" \/><\/span><br \/>\n<span class=\"wpcf7-form-control-wrap\" data-name=\"your-email\"><input size=\"40\" maxlength=\"400\" class=\"wpcf7-form-control wpcf7-email wpcf7-validates-as-required wpcf7-text wpcf7-validates-as-email\" aria-required=\"true\" aria-invalid=\"false\" placeholder=\"Correo electr\u00f3nico (requerido)\" value=\"\" type=\"email\" name=\"your-email\" \/><\/span><br \/>\n<span class=\"wpcf7-form-control-wrap\" data-name=\"telefono\"><input size=\"40\" maxlength=\"400\" class=\"wpcf7-form-control wpcf7-text\" aria-invalid=\"false\" placeholder=\"Tel\u00e9fono de contacto\" value=\"\" type=\"text\" name=\"telefono\" \/><\/span><br \/>\n<span class=\"wpcf7-form-control-wrap\" data-name=\"tipo-empresa\"><select class=\"wpcf7-form-control wpcf7-select\" aria-invalid=\"false\" name=\"tipo-empresa\"><option value=\"Tipo de empresa\">Tipo de empresa<\/option><option value=\"Pyme\">Pyme<\/option><option value=\"Gran empresa\">Gran empresa<\/option><option value=\"Grupo de empresas\">Grupo de empresas<\/option><option value=\"Asociaciones, Fundaciones y otras sin \u00e1nimo de lucro\">Asociaciones, Fundaciones y otras sin \u00e1nimo de lucro<\/option><option value=\"Sector p\u00fablico\">Sector p\u00fablico<\/option><\/select><\/span><br \/>\n<span class=\"wpcf7-form-control-wrap\" data-name=\"conocido\"><select class=\"wpcf7-form-control wpcf7-select\" aria-invalid=\"false\" name=\"conocido\"><option value=\"\u00bfC\u00f3mo nos has conocido?\">\u00bfC\u00f3mo nos has conocido?<\/option><option value=\"Referencia  de un conocido\/otro profesional\">Referencia  de un conocido\/otro profesional<\/option><option value=\"Web\">Web<\/option><option value=\"RRSS\">RRSS<\/option><option value=\"He asistido a una formaci\u00f3n impartida por Bonatti Compliance\">He asistido a una formaci\u00f3n impartida por Bonatti Compliance<\/option><\/select><\/span>\n\t\t<\/p>\n\t<\/div>\n\t<div class=\"col medium-6\" style=\"padding-bottom:5px;\">\n\t\t<p><span class=\"wpcf7-form-control-wrap\" data-name=\"your-message\"><textarea cols=\"40\" rows=\"10\" maxlength=\"2000\" class=\"wpcf7-form-control wpcf7-textarea wpcf7-validates-as-required\" aria-required=\"true\" aria-invalid=\"false\" placeholder=\"Mensaje (requerido)\" name=\"your-message\"><\/textarea><\/span>\n\t\t<\/p>\n\t<\/div>\n\t<div class=\"col medium-12\" style=\"padding-bottom:5px;\">\n\t\t<p><span class=\"wpcf7-form-control-wrap\" data-name=\"privacidad\"><span class=\"wpcf7-form-control wpcf7-acceptance\"><span class=\"wpcf7-list-item\"><label><input type=\"checkbox\" name=\"privacidad\" value=\"1\" aria-invalid=\"false\" \/><span class=\"wpcf7-list-item-label\">He le\u00eddo y acepto la <a href=\"\/compliance\/politica-de-privacidad\" target=\"_blank\">pol\u00edtica de privacidad<\/a><\/span><\/label><\/span><\/span><\/span><br \/>\n<span class=\"wpcf7-form-control-wrap\" data-name=\"comerciales\"><span class=\"wpcf7-form-control wpcf7-checkbox\"><span class=\"wpcf7-list-item first last\"><input type=\"checkbox\" name=\"comerciales[]\" value=\"Acepto recibir comunicaciones comerciales\" \/><span class=\"wpcf7-list-item-label\">Acepto recibir comunicaciones comerciales<\/span><\/span><\/span><\/span>\n\t\t<\/p>\n\t<\/div>\n\t<div class=\"col medium-6\">\n\t\t<p><input class=\"wpcf7-form-control wpcf7-submit has-spinner\" type=\"submit\" value=\"Enviar\" \/>\n\t\t<\/p>\n\t<\/div>\n<\/div><div class=\"wpcf7-response-output\" aria-hidden=\"true\"><\/div>\n<\/form>\n<\/div>\n\n\t\t<\/div>\n\t\t\t\t\t<\/div>\n\n\t\n<\/div>\n","protected":false},"excerpt":{"rendered":"","protected":false},"author":1,"featured_media":901,"parent":0,"menu_order":0,"comment_status":"closed","ping_status":"closed","template":"page-blank.php","meta":{"_acf_changed":false,"footnotes":""},"class_list":["post-17","page","type-page","status-publish","has-post-thumbnail","hentry"],"acf":[],"yoast_head":"<!-- This site is optimized with the Yoast SEO plugin v23.4 - https:\/\/yoast.com\/wordpress\/plugins\/seo\/ -->\n<title>Contacta con Bonatti Compliance - Inf\u00f3rmate y pide presupuesto<\/title>\n<meta name=\"description\" content=\"Escr\u00edbenos tus dudas o pide presupuesto en nuestros servicios de Compliance. Puedes encontrarnos en Barcelona, Madrid, Vigo y Granada\" \/>\n<meta name=\"robots\" content=\"index, follow, max-snippet:-1, max-image-preview:large, max-video-preview:-1\" \/>\n<link rel=\"canonical\" href=\"https:\/\/compliancebonatti.com\/compliance\/contacto\/\" \/>\n<meta property=\"og:locale\" content=\"es_ES\" \/>\n<meta property=\"og:type\" content=\"article\" \/>\n<meta property=\"og:title\" content=\"Contacta con Bonatti Compliance - Inf\u00f3rmate y pide presupuesto\" \/>\n<meta property=\"og:description\" content=\"Escr\u00edbenos tus dudas o pide presupuesto en nuestros servicios de Compliance. Puedes encontrarnos en Barcelona, Madrid, Vigo y Granada\" \/>\n<meta property=\"og:url\" content=\"https:\/\/compliancebonatti.com\/compliance\/contacto\/\" \/>\n<meta property=\"og:site_name\" content=\"Bonatti Compliance\" \/>\n<meta property=\"article:publisher\" content=\"https:\/\/www.facebook.com\/Bonatti-Compliance-106175060726551\/\" \/>\n<meta property=\"article:modified_time\" content=\"2024-09-25T08:22:35+00:00\" \/>\n<meta property=\"og:image\" content=\"https:\/\/compliancebonatti.com\/compliance\/wp-content\/uploads\/2021\/05\/cropped-bonatti-favicon.png\" \/>\n\t<meta property=\"og:image:width\" content=\"512\" \/>\n\t<meta property=\"og:image:height\" content=\"512\" \/>\n\t<meta property=\"og:image:type\" content=\"image\/png\" \/>\n<meta name=\"twitter:card\" content=\"summary_large_image\" \/>\n<meta name=\"twitter:site\" content=\"@BonattiComply\" \/>\n<meta name=\"twitter:label1\" content=\"Tiempo de lectura\" \/>\n\t<meta name=\"twitter:data1\" content=\"1 minuto\" \/>\n<script type=\"application\/ld+json\" class=\"yoast-schema-graph\">{\"@context\":\"https:\/\/schema.org\",\"@graph\":[{\"@type\":\"WebPage\",\"@id\":\"https:\/\/compliancebonatti.com\/compliance\/contacto\/\",\"url\":\"https:\/\/compliancebonatti.com\/compliance\/contacto\/\",\"name\":\"Contacta con Bonatti Compliance - Inf\u00f3rmate y pide presupuesto\",\"isPartOf\":{\"@id\":\"https:\/\/compliancebonatti.com\/compliance\/#website\"},\"primaryImageOfPage\":{\"@id\":\"https:\/\/compliancebonatti.com\/compliance\/contacto\/#primaryimage\"},\"image\":{\"@id\":\"https:\/\/compliancebonatti.com\/compliance\/contacto\/#primaryimage\"},\"thumbnailUrl\":\"https:\/\/compliancebonatti.com\/compliance\/wp-content\/uploads\/2021\/05\/cropped-bonatti-favicon.png\",\"datePublished\":\"2019-06-14T17:11:14+00:00\",\"dateModified\":\"2024-09-25T08:22:35+00:00\",\"description\":\"Escr\u00edbenos tus dudas o pide presupuesto en nuestros servicios de Compliance. Puedes encontrarnos en Barcelona, Madrid, Vigo y Granada\",\"breadcrumb\":{\"@id\":\"https:\/\/compliancebonatti.com\/compliance\/contacto\/#breadcrumb\"},\"inLanguage\":\"es\",\"potentialAction\":[{\"@type\":\"ReadAction\",\"target\":[\"https:\/\/compliancebonatti.com\/compliance\/contacto\/\"]}]},{\"@type\":\"ImageObject\",\"inLanguage\":\"es\",\"@id\":\"https:\/\/compliancebonatti.com\/compliance\/contacto\/#primaryimage\",\"url\":\"https:\/\/compliancebonatti.com\/compliance\/wp-content\/uploads\/2021\/05\/cropped-bonatti-favicon.png\",\"contentUrl\":\"https:\/\/compliancebonatti.com\/compliance\/wp-content\/uploads\/2021\/05\/cropped-bonatti-favicon.png\",\"width\":512,\"height\":512,\"caption\":\"Logo Cropped Bonatti Fav icon - Presupuesto Compliance\"},{\"@type\":\"BreadcrumbList\",\"@id\":\"https:\/\/compliancebonatti.com\/compliance\/contacto\/#breadcrumb\",\"itemListElement\":[{\"@type\":\"ListItem\",\"position\":1,\"name\":\"Portada\",\"item\":\"https:\/\/compliancebonatti.com\/compliance\/\"},{\"@type\":\"ListItem\",\"position\":2,\"name\":\"Contacto\"}]},{\"@type\":\"WebSite\",\"@id\":\"https:\/\/compliancebonatti.com\/compliance\/#website\",\"url\":\"https:\/\/compliancebonatti.com\/compliance\/\",\"name\":\"Bonatti Compliance\",\"description\":\"Consultor\u00eda Compliance para empresas\",\"publisher\":{\"@id\":\"https:\/\/compliancebonatti.com\/compliance\/#organization\"},\"potentialAction\":[{\"@type\":\"SearchAction\",\"target\":{\"@type\":\"EntryPoint\",\"urlTemplate\":\"https:\/\/compliancebonatti.com\/compliance\/?s={search_term_string}\"},\"query-input\":{\"@type\":\"PropertyValueSpecification\",\"valueRequired\":true,\"valueName\":\"search_term_string\"}}],\"inLanguage\":\"es\"},{\"@type\":\"Organization\",\"@id\":\"https:\/\/compliancebonatti.com\/compliance\/#organization\",\"name\":\"Bonatti Compliance SLP\",\"url\":\"https:\/\/compliancebonatti.com\/compliance\/\",\"logo\":{\"@type\":\"ImageObject\",\"inLanguage\":\"es\",\"@id\":\"https:\/\/compliancebonatti.com\/compliance\/#\/schema\/logo\/image\/\",\"url\":\"https:\/\/compliancebonatti.com\/compliance\/wp-content\/uploads\/2019\/06\/bonatti-compliance-logo-1.png\",\"contentUrl\":\"https:\/\/compliancebonatti.com\/compliance\/wp-content\/uploads\/2019\/06\/bonatti-compliance-logo-1.png\",\"width\":600,\"height\":40,\"caption\":\"Bonatti Compliance SLP\"},\"image\":{\"@id\":\"https:\/\/compliancebonatti.com\/compliance\/#\/schema\/logo\/image\/\"},\"sameAs\":[\"https:\/\/www.facebook.com\/Bonatti-Compliance-106175060726551\/\",\"https:\/\/x.com\/BonattiComply\",\"https:\/\/www.instagram.com\/bonatticompliance\/\",\"https:\/\/www.linkedin.com\/company\/bonatti-compliance\/about\/\"]}]}<\/script>\n<!-- \/ Yoast SEO plugin. -->","yoast_head_json":{"title":"Contacta con Bonatti Compliance - Inf\u00f3rmate y pide presupuesto","description":"Escr\u00edbenos tus dudas o pide presupuesto en nuestros servicios de Compliance. Puedes encontrarnos en Barcelona, Madrid, Vigo y Granada","robots":{"index":"index","follow":"follow","max-snippet":"max-snippet:-1","max-image-preview":"max-image-preview:large","max-video-preview":"max-video-preview:-1"},"canonical":"https:\/\/compliancebonatti.com\/compliance\/contacto\/","og_locale":"es_ES","og_type":"article","og_title":"Contacta con Bonatti Compliance - Inf\u00f3rmate y pide presupuesto","og_description":"Escr\u00edbenos tus dudas o pide presupuesto en nuestros servicios de Compliance. Puedes encontrarnos en Barcelona, Madrid, Vigo y Granada","og_url":"https:\/\/compliancebonatti.com\/compliance\/contacto\/","og_site_name":"Bonatti Compliance","article_publisher":"https:\/\/www.facebook.com\/Bonatti-Compliance-106175060726551\/","article_modified_time":"2024-09-25T08:22:35+00:00","og_image":[{"width":512,"height":512,"url":"https:\/\/compliancebonatti.com\/compliance\/wp-content\/uploads\/2021\/05\/cropped-bonatti-favicon.png","type":"image\/png"}],"twitter_card":"summary_large_image","twitter_site":"@BonattiComply","twitter_misc":{"Tiempo de lectura":"1 minuto"},"schema":{"@context":"https:\/\/schema.org","@graph":[{"@type":"WebPage","@id":"https:\/\/compliancebonatti.com\/compliance\/contacto\/","url":"https:\/\/compliancebonatti.com\/compliance\/contacto\/","name":"Contacta con Bonatti Compliance - Inf\u00f3rmate y pide presupuesto","isPartOf":{"@id":"https:\/\/compliancebonatti.com\/compliance\/#website"},"primaryImageOfPage":{"@id":"https:\/\/compliancebonatti.com\/compliance\/contacto\/#primaryimage"},"image":{"@id":"https:\/\/compliancebonatti.com\/compliance\/contacto\/#primaryimage"},"thumbnailUrl":"https:\/\/compliancebonatti.com\/compliance\/wp-content\/uploads\/2021\/05\/cropped-bonatti-favicon.png","datePublished":"2019-06-14T17:11:14+00:00","dateModified":"2024-09-25T08:22:35+00:00","description":"Escr\u00edbenos tus dudas o pide presupuesto en nuestros servicios de Compliance. Puedes encontrarnos en Barcelona, Madrid, Vigo y Granada","breadcrumb":{"@id":"https:\/\/compliancebonatti.com\/compliance\/contacto\/#breadcrumb"},"inLanguage":"es","potentialAction":[{"@type":"ReadAction","target":["https:\/\/compliancebonatti.com\/compliance\/contacto\/"]}]},{"@type":"ImageObject","inLanguage":"es","@id":"https:\/\/compliancebonatti.com\/compliance\/contacto\/#primaryimage","url":"https:\/\/compliancebonatti.com\/compliance\/wp-content\/uploads\/2021\/05\/cropped-bonatti-favicon.png","contentUrl":"https:\/\/compliancebonatti.com\/compliance\/wp-content\/uploads\/2021\/05\/cropped-bonatti-favicon.png","width":512,"height":512,"caption":"Logo Cropped Bonatti Fav icon - Presupuesto Compliance"},{"@type":"BreadcrumbList","@id":"https:\/\/compliancebonatti.com\/compliance\/contacto\/#breadcrumb","itemListElement":[{"@type":"ListItem","position":1,"name":"Portada","item":"https:\/\/compliancebonatti.com\/compliance\/"},{"@type":"ListItem","position":2,"name":"Contacto"}]},{"@type":"WebSite","@id":"https:\/\/compliancebonatti.com\/compliance\/#website","url":"https:\/\/compliancebonatti.com\/compliance\/","name":"Bonatti Compliance","description":"Consultor\u00eda Compliance para empresas","publisher":{"@id":"https:\/\/compliancebonatti.com\/compliance\/#organization"},"potentialAction":[{"@type":"SearchAction","target":{"@type":"EntryPoint","urlTemplate":"https:\/\/compliancebonatti.com\/compliance\/?s={search_term_string}"},"query-input":{"@type":"PropertyValueSpecification","valueRequired":true,"valueName":"search_term_string"}}],"inLanguage":"es"},{"@type":"Organization","@id":"https:\/\/compliancebonatti.com\/compliance\/#organization","name":"Bonatti Compliance SLP","url":"https:\/\/compliancebonatti.com\/compliance\/","logo":{"@type":"ImageObject","inLanguage":"es","@id":"https:\/\/compliancebonatti.com\/compliance\/#\/schema\/logo\/image\/","url":"https:\/\/compliancebonatti.com\/compliance\/wp-content\/uploads\/2019\/06\/bonatti-compliance-logo-1.png","contentUrl":"https:\/\/compliancebonatti.com\/compliance\/wp-content\/uploads\/2019\/06\/bonatti-compliance-logo-1.png","width":600,"height":40,"caption":"Bonatti Compliance SLP"},"image":{"@id":"https:\/\/compliancebonatti.com\/compliance\/#\/schema\/logo\/image\/"},"sameAs":["https:\/\/www.facebook.com\/Bonatti-Compliance-106175060726551\/","https:\/\/x.com\/BonattiComply","https:\/\/www.instagram.com\/bonatticompliance\/","https:\/\/www.linkedin.com\/company\/bonatti-compliance\/about\/"]}]}},"_links":{"self":[{"href":"https:\/\/compliancebonatti.com\/compliance\/wp-json\/wp\/v2\/pages\/17"}],"collection":[{"href":"https:\/\/compliancebonatti.com\/compliance\/wp-json\/wp\/v2\/pages"}],"about":[{"href":"https:\/\/compliancebonatti.com\/compliance\/wp-json\/wp\/v2\/types\/page"}],"author":[{"embeddable":true,"href":"https:\/\/compliancebonatti.com\/compliance\/wp-json\/wp\/v2\/users\/1"}],"replies":[{"embeddable":true,"href":"https:\/\/compliancebonatti.com\/compliance\/wp-json\/wp\/v2\/comments?post=17"}],"version-history":[{"count":34,"href":"https:\/\/compliancebonatti.com\/compliance\/wp-json\/wp\/v2\/pages\/17\/revisions"}],"predecessor-version":[{"id":1756,"href":"https:\/\/compliancebonatti.com\/compliance\/wp-json\/wp\/v2\/pages\/17\/revisions\/1756"}],"wp:featuredmedia":[{"embeddable":true,"href":"https:\/\/compliancebonatti.com\/compliance\/wp-json\/wp\/v2\/media\/901"}],"wp:attachment":[{"href":"https:\/\/compliancebonatti.com\/compliance\/wp-json\/wp\/v2\/media?parent=17"}],"curies":[{"name":"wp","href":"https:\/\/api.w.org\/{rel}","templated":true}]}}